**2 + 45*p + 36. Give d(-44).
-8
Let g(f) = -f**3 + 6*f**2 + 3*f + 6. Calculate g(7).
-22
Let i(j) = j**3 - 72*j**2 - 2*j + 141. Calculate i(72).
-3
Let q(y) = 3*y**2 + 4*y + 1. What is q(2)?
21
Let v(i) = -4*i + 48. Give v(13).
-4
Let s(t) = -93*t - 275. Determine s(-3).
4
Let u(n) = 160*n - 482. Give u(3).
-2
Let s(w) = w**2 - 8*w + 10. Calculate s(7).
3
Let p(a) = 4*a**2 - 18*a - 3. What is p(5)?
7
Let q(h) = -2*h - 37. Give q(-19).
1
Let s(n) = -4*n - 1. Determine s(-6).
23
Let w(c) = -c**2 + 2*c + 53. Give w(7).
18
Let t(p) = -6*p - 141. What is t(-23)?
-3
Let s(m) = -m**3 + 19*m**2 - 14*m + 9. Determine s(19).
-257
Let j(b) = -71*b**2 - b. Give j(-1).
-70
Let m(h) = -5*h - 2. Determine m(2).
-12
Let b(d) = d**2 - 5. Determine b(-3).
4
Let k(o) = -o**2 - 15. What is k(0)?
-15
Let d(t) = -2*t**3 - 11*t**2 + 6*t. Calculate d(-6).
0
Let a(o) = 2*o**3 + 5*o**2 - 18*o + 2. Determine a(3).
47
Let j(z) = z + 6. What is j(-1)?
5
Let w(f) = f - 2. Calculate w(0).
-2
Let f(i) = 2*i + 44. Calculate f(-18).
8
Let j(t) = -t + 8. What is j(9)?
-1
Let j(s) = -s**3 + 3*s**2 + 5*s - 3. What is j(4)?
1
Let k(v) = -6*v + 187. Give k(31).
1
Let z(f) = -2*f - 15. Determine z(-18).
21
Let y(t) = t**3 + 8*t - 2. What is y(4)?
94
Let l(y) = -y**3 + 28*y**2 + y - 24. What is l(28)?
4
Let c(q) = -2*q**3 - 20*q**2 - 17*q + 5. Determine c(-9).
-4
Let m(r) = -3*r**2 + 3*r - 5. What is m(3)?
-23
Let m(d) = 10*d**3 + d + 1. Calculate m(-1).
-10
Let n(w) = w**2 - 2*w - 99. Determine n(11).
0
Let a(x) = x**3 + 15*x**2 + 10*x - 54. Determine a(-14).
2
Let n(p) = 90*p**2 + 1. Calculate n(1).
91
Let c(i) = 2*i**2 + 3*i + 2. Give c(-3).
11
Let v(i) = i**3 + i**2 - 6*i + 3. Calculate v(3).
21
Let y(k) = 7*k**2 - 8*k + 5. Calculate y(2).
17
Let r(n) = -2*n**3 + 9*n**2 - 4*n + 4. Calculate r(4).
4
Let t(x) = -x**3 + 6*x**2 + 3*x - 9. Calculate t(6).
9
Let q(d) = -2*d**2 + 70*d - 298. Calculate q(30).
2
Let u(y) = -y**2 - 4*y + 11. Determine u(-6).
-1
Let u(r) = 24*r - 1162. Calculate u(48).
-10
Let c(b) = 28*b - 575. What is c(20)?
-15
Let x(w) = -w**2 - 8*w - 1. Give x(-6).
11
Let f(k) = 55*k + 13. Determine f(-1).
-42
Let j(m) = -17*m**3 - 2*m - 1. Give j(-1).
18
Let z(s) = -4*s - 6. Calculate z(-8).
26
Let o(w) = -42*w**2 + w - 1. Calculate o(1).
-42
Let h(k) = k**2 - k + 1. Determine h(4).
13
Let h(i) = -i**2 - 6*i + 11. Determine h(0).
11
Let h(c) = 2*c - 25. Give h(19).
13
Let a(z) = 3*z**2 - 48*z + 177. Give a(10).
-3
Let a(s) = 13*s**2 + 8*s - 8. Determine a(1).
13
Let m(b) = -b**2 - 2*b - 5. Determine m(-3).
-8
Let p(u) = -7*u + 12. Determine p(0).
12
Let c(o) = -16*o - 233. Calculate c(-15).
7
Let g(v) = 2*v**2 + 4*v - 3. What is g(3)?
27
Let m(g) = -9*g - 45. Calculate m(-9).
36
Let r(s) = 34*s - 57. What is r(2)?
11
Let i(r) = r**3 - 14*r**2 - 11*r - 62. What is i(15)?
-2
Let t(w) = -48*w**2 + 2*w + 1. Determine t(-1).
-49
Let t(x) = 7*x - 82. Calculate t(14).
16
Let c(j) = -j**2 - 11. Calculate c(0).
-11
Let p(z) = -z + 6. Calculate p(13).
-7
Let x(w) = 2*w - 6. Calculate x(4).
2
Let d(p) = -8*p + 30. Determine d(3).
6
Let p(f) = 39*f - 4. Determine p(2).
74
Let w(r) = -2*r + 8. What is w(-6)?
20
Let b(z) = -z**3 - z**2 + 5*z + 2. What is b(-3)?
5
Let a(r) = r**3 + 12*r**2 - 13*r. Give a(-13).
0
Let r(b) = 18*b**3 - 2*b**2 - 3*b. Determine r(-1).
-17
Let w(y) = 2*y**3 + 9*y**2 - 5*y + 8. Give w(-5).
8
Let p(n) = -4*n - 4. What is p(-2)?
4
Let i(l) = -17*l + 16. Calculate i(3).
-35
Let x(g) = -g**3 + 25*g**2 - 25*g + 26. Calculate x(24).
2
Let c(g) = g**3 + 3*g**2 + 2*g - 3. Calculate c(1).
3
Let f(a) = -a - 17. Determine f(-13).
-4
Let a(l) = -l**2 + 2*l + 3. What is a(0)?
3
Let q(h) = -2*h**3 - 4*h**2 + 7*h + 7. What is q(-4)?
43
Let t(p) = -2*p**3 - 31*p**2 - 17*p - 2. What is t(-15)?
28
Let b(n) = -5*n + 32. Calculate b(10).
-18
Let q(p) = -p**3 - 2*p**2 + 10*p + 1. Calculate q(-5).
26
Let l(c) = -15*c + 55. Give l(4).
-5
Let x(s) = -9*s + 26. Give x(-1).
35
Let r(z) = z**3 - 8*z**2 - 5*z + 9. Give r(8).
-31
Let t(o) = -2*o - 61. Determine t(-32).
3
Let p(a) = 30*a**2 - 5*a. Determine p(-1).
35
Let v(y) = -5*y + 22. Determine v(11).
-33
Let q(m) = m**3 + 8*m**2 - 14*m - 13. Calculate q(-8).
99
Let p(k) = 6*k - 12. Calculate p(8).
36
Let p(t) = -t**3 - 13*t**2 - 14*t + 10. What is p(-12)?
34
Let w(s) = s**2 + 11*s + 14. Give w(-10).
4
Let k(m) = -39*m - 630. Give k(-16).
-6
Let x(p) = 15*p**3 - p**2 + 3*p - 2. Determine x(1).
15
Let l(a) = a**2 + 5*a + 10. What is l(-4)?
6
Let c(r) = -r + 8. Calculate c(6).
2
Let z(m) = -4*m - 10. Determine z(6).
-34
Let k(h) = 5*h**2 + h + 1. Give k(4).
85
Let o(h) = 4*h + 10. Give o(-11).
-34
Let b(i) = -i**3 - 6*i**2 - 11*i + 4. What is b(-6)?
70
Let m(h) = -h**2 - 15*h - 51. Give m(-11).
-7
Let c(u) = 2*u**3 + 45*u**2 + 24*u + 39. Calculate c(-22).
-5
Let c(w) = 12*w**2 + 3*w. Calculate c(-2).
42
Let z(x) = -12*x**2 + 1. Calculate z(-1).
-11
Let o(b) = 9*b + 294. What is o(-35)?
-21
Let t(o) = o**2 - 4*o + 26. Give t(6).
38
Let l(k) = -k**3 - 2*k**2 + 2*k - 49. Determine l(0).
-49
Let z(j) = 52*j - 299. Calculate z(6).
13
Let u(m) = -m**2 + 20*m - 20. What is u(19)?
-1
Let y(p) = p**2 - 30*p + 13. What is y(30)?
13
Let q(c) = -c**2 - 5*c - 3. Calculate q(-4).
1
Let w(b) = 2*b - 12. Calculate w(10).
8
Let c(z) = 11*z. Calculate c(-2).
-22
Let y(a) = -2*a + 12. Give y(13).
-14
Let c(k) = k**3 - 11*k**2 - 13*k - 11. Determine c(12).
-23
Let w(u) = 30*u**3 - u**2 - u + 1. Determine w(1).
29
Let o(v) = -11*v + 1. Determine o(-4).
45
Let d(f) = -15*f + 4. What is d(3)?
-41
Let r(q) = -q**3 + q**2 + 7*q - 10. Give r(2).
0
Let y(k) = -3*k**2 + k - 12. Give y(0).
-12
Let x(g) = g**3 + 8*g**2 + 4*g + 112. What is x(-9)?
-5
Let p(n) = 3*n + 12. Calculate p(0).
12
Let p(l) = -l**3 + 16*l**2 - 17*l + 19. What is p(15)?
-11
Let u(j) = j**2 - 12*j - 21. What is u(14)?
7
Let l(d) = 3*d**2 + 15*d - 7. Determine l(-5).
-7
Let j(w) = 76*w + 1599. Give j(-21).
3
Let v(c) = 54*c - 321. Determine v(6).
3
Let u(p) = -p**2 + 47*p - 481. Determine u(15).
-1
Let w(n) = 8*n**2 - n. Determine w(-1).
9
Let d(j) = j + 6. Calculate d(6).
12
Let p(g) = -g**3 + 16*g**2 + 2*g - 21. Calculate p(16).
11
Let z(i) = i**3 - 6*i**2 - 9*i + 10. What is z(7)?
-4
Let y(q) = -5*q + 189. Give y(41).
-16
Let v(r) = -r**3 + 6*r**2 - 5*r + 4. Give v(3).
16
Let h(b) = -b**3 + 8*b**2 - 6*b. Determine h(4).
40
Let q(x) = x**3 - 3*x**2 + 3*x - 19. Calculate q(4).
9
Let b(t) = -t**3 + 9*t**2 - 5*t - 10. Determine b(7).
53
Let v(f) = f**3 + 12*f**2 + 38*f + 13. Calculate v(-6).
1
Let q(r) = -2*r + 17. Give q(14).
-11
Let n(a) = -a**3 + 21*a**2 - 4*a + 51. Determine n(21).
-33
Let v(l) = -4*l**3 - 3*l + 4. Calculate v(-2).
42
Let u(v) = -v**2 - v + 2. Calculate u(2).
-4
Let o(t) = -6*t + 49. Give o(6).
13
Let r(x) = -10*x - 204. Determine r(-18).
-24
Let a(h) = h - 84. Calculate a(10).
-74
Let o(x) = x**3 + x**2 - x - 91. Calculate o(0).
-91
Let h(c) = 11*c - 36. Give h(3).
-3
Let l(u) = 42*u + 1. Calculate l(2).
85
Let k(q) = -2*q**2 - 56*q - 347. Calculate k(-19).
-5
Let h(g) = -8*g + 19. Calculate h(3).
-5
Let g(l) = -7*l - 129. What is g(-19)?
4
Let u(n) = -n**2 + 14*n - 51. Calculate u(9).
-6
Let t(r) = r**2 + 9*r + 20. Determine t(-8).
12
Let g(a) = a**3 - 5*a**2 - 15*a. Calculate g(7).
-7
Let o(l) = l**3 + l - 13. Give o(0).
-13
Let s(p) = -2*p**3 + 4*p**2 + 2*p + 5. Calculate s(3).
-7
Let v(b) = -b**2 + 11*b + 24. Determine v(9).
42
Let x(d) = d**2 + 5*d + 1. What is x(-4)?
-3
Let o(p) = 11*p - 2. Give o(2).
20
Let c(w) = -w**2 - w + 2. Determine c(-2).
0
Let h(i) = -2*i + 11. Calculate h(-9).
29
Let g(i) = 9*i - 1. Determine g(4).
35
Let i(c) = 11*c**2 - c - 1. Give i(-1).
11
Let a(w) = -2*w**3 - 4*w**2 - w - 2. Determine a(-3).
19
Let i(d) = 8*d**3 + 2*d**2 - 1. Determine i(1).
9
Let l(n) = -n**3 - 8*n**2 - 11*n + 4. What is l(-3)?
-8
Let m(o) = o**3 - 7*o**2 + 5*o - 4. Give m(6).
-10
Let r(j) = -j - 1. Determine r(5).
-6
Let v(l) = -2*l + 12. What is v(14)?
-16
Let m(l) = -l**3 - 6*l**2 - 49. Determine m(-7).
0
Let g(c) = -2*c**2 - 36*c - 36. Calculate g(-17).
-2
Let h(l) = -l**2 - 18*l + 15. Calculate h(-20).
-25
Let n(o) = 70*o - 143. What is n(2)?
-3
Let a(f) = f**3 + 2*f**2 - 1. What is a(-1)?
0
Let u(q) = 2*q**2 + 35*q + 16. Calculate u(-17).
-1
Let k(c) = 12